Suppose -5*r = -t*r - 6640. What are the prime factors of r?
2, 83
Let d = -202 - -220. Suppose 9*x + 1044 = d*x. What are the prime factors of x?
2, 29
Let b(x) = -25*x**3 + 11*x**2 + 22*x - 17. List the prime factors of b(-7).
3, 11, 271
Suppose 10*o - 303 - 267 = 0. Suppose -9*s = -o - 123. What are the prime factors of s?
2, 5
Let c = 10992 + -1889. List the prime factors of c.
9103
Let z be ((-414)/15)/((-6)/20). Suppose 3*v - z = 97. List the prime factors of v.
3, 7
Let l(n) = -n**2 + n - 3. Let j be l(0). Let g be 86 + (6/(-24) - j/(-4)). Suppose 2*p = 43 + g. List the prime factors of p.
2
Let o be ((-12)/(-84))/(4/56). Suppose 2*v - 482 = -0*v. Suppose 0 = -5*t - o*q + 580, -q + 2*q = 2*t - v. What are the prime factors of t?
2, 59
Let m(q) be the third derivative of 36*q**2 + 0*q - 1/120*q**6 + 4/15*q**5 + 0 + 7/24*q**4 - 13/3*q**3. What are the prime factors of m(16)?
2, 43
Suppose -16 - 24 = -20*l. Suppose n + l*t - 600 = -t, 0 = n + 5*t - 600. List the prime factors of n.
2, 3, 5
Suppose -4*n = -r + 140 + 14, 2*r = 3*n + 323. Let g = 115 + r. Let u = 426 - g. List the prime factors of u.
5, 29
Let g = 13958 + -3908. List the prime factors of g.
2, 3, 5, 67
Suppose 0 = -109*q + 933621 - 241035. What are the prime factors of q?
2, 3, 353
Let j(o) = o**3 + 38*o**2 + 69*o + 433. What are the prime factors of j(-34)?
2711
Let a = -157 - -285. Suppose 17*o = 8*o - 27. List the prime factors of a - 0/(2 - o).
2
Let b(n) = 469*n**2 - 2*n + 739 - 151*n**2 - 158*n**2 - 159*n**2. What are the prime factors of b(0)?
739
Suppose 5*s + 36 - 36 = 0. Let f be (1 + s)/(17/(-10489)). Let h = -430 - f. List the prime factors of h.
11, 17
Let y be (-7)/((-14)/(-8800))*2/(-4). Suppose 0 = x + 3*x + y. Let d = -371 - x. List the prime factors of d.
179
Let p(i) = 783*i**2 + 433*i + 2939. List the prime factors of p(-7).
5, 1531
Let v = 34064 - 20334. What are the prime factors of v?
2, 5, 1373
Let a be (-252)/(-16)*(-32)/(-6). Suppose -12*j + 14*j - a = 0. What are the prime factors of (j/(-105))/(2/(-430))?
2, 43
Let q = 10 - -430. Suppose 5*i - 355 = q. Let x = i - 60. List the prime factors of x.
3, 11
Let q(p) = 344*p + 8. Let y be q(7). Suppose -16*d + 20*d - y = 0. What are the prime factors of d?
2, 151
Suppose -13*n + 192 = 49. Suppose -n*s - 393 = -1570. List the prime factors of s.
107
Let k(i) = -i**3 + 12*i**2 - 11*i - 48. Let b be k(11). Let y = b - -65. What are the prime factors of y?
17
Let y(v) = -220*v**3 - 12*v**2 - 3*v + 58. What are the prime factors of y(-4)?
2, 7, 997
Let y = -502 - -1059. Let p = -327 + y. List the prime factors of p.
2, 5, 23
Let q be 2*3/(1 + (-2)/(-4)). Suppose -d = 2*g - q, d - 9 = -g + 4*d. Suppose 3*y = 4*j - 415, g*j - 313 = -3*y + 7*y. List the prime factors of j.
103
Let w(j) = 3*j**2 + 16*j - 9. Let b be w(-6). Let q(u) = 107*u + 13. List the prime factors of q(b).
2, 167
Let m(w) = 53*w**2 - 83*w + 136. List the prime factors of m(-16).
2, 1879
Let q(z) = z**3 + 13*z**2 - 15*z + 7. Let b be q(-13). Let v = 400 - b. List the prime factors of v.
2, 3, 11
Suppose 4*z + 0*z + 40 = 0. Let g be z/(-25) - ((-69)/15 + 1). Suppose g*c + 3*p - 103 = 0, 4*p + 17 + 7 = 2*c. List the prime factors of c.
2, 11
Let p be 1899030/51 - 22/(-187). Suppose -61*m + 17786 + p = 0. List the prime factors of m.
2, 11, 41
Let y(v) = -v**2 - 7*v + 10. Let b be y(3). What are the prime factors of (5 + -38)*(-1)/((-3)/b)?
2, 5, 11
Let q be 3*7168/12 - -4. Let o = q + -854. Suppose -12*x + 102 = -o. List the prime factors of x.
3, 29
Suppose 5*b + 16 = b. Let z be (3 + b + 0)*-5. Let w(o) = -o**3 + 7*o**2 - o - 6. What are the prime factors of w(z)?
3, 13
Let h(i) be the second derivative of i**4/12 + i**3/3 - 113*i**2/2 - 8*i + 3. List the prime factors of h(18).
13, 19
Let v = 17056 - 10064. List the prime factors of v.
2, 19, 23
Suppose 3*x = 0, -4*z = -11*x + 15*x - 388. Suppose 146 = -95*p + z*p. List the prime factors of p.
73
Let x(i) = -4*i - 59. Let n be x(-17). Suppose 0 = 3*t - 3*m, 5*t + m - 3*m = -n. What are the prime factors of (t/(-2))/((-33)/(-4334))?
197
Let q = -27218 + 34338. List the prime factors of q.
2, 5, 89
Let j(r) = 4*r**2 + 18*r - 19. Suppose 2*h + 14 = -4*c - 8, 11 = -h + 2*c. What are the prime factors of j(h)?
3, 89
List the prime factors of (-8 + 5)/(-4*1) + (-5760589)/(-116).
53, 937
Suppose 4*j - 24 + 8 = 0. Suppose -m + 541 = j*q, 0 = q - 3*m + 6*m - 149. Let u = 194 - q. List the prime factors of u.
2, 3, 5
Let t(s) = 2*s**2 - 10*s + 18. Suppose 37 = 8*h - 51. List the prime factors of t(h).
2, 3, 5
Suppose 0*d = -2*k - 2*d + 26, k - 8 = 4*d. Suppose -n + k = -8. What are the prime factors of n/(-110) + (-2)/(-11) - -107?
107
Let l(n) = 2 - 3*n**2 - 10*n**2 + 2*n + 11*n**2. Let b be l(0). What are the prime factors of 1/(-2) + b + (-2910)/(-12)?
2, 61
Let v = -112 + 128. Let y(x) = 9*x - 16. List the prime factors of y(v).
2
Let x be 0 + 3 - 0 - -1. Suppose -4*t + 2*t = 0, 0 = x*i - 2*t - 8. Suppose 0 = -3*c - 0*c - 2*o + 250, 4*c - i*o = 310. What are the prime factors of c?
2, 5
Suppose 7388 = 5*d + y, -4*y - 1067 = -2*d + 1875. List the prime factors of d.
7, 211
Suppose 0 = -9*c + 3*c + 30. Suppose -166 = -c*i + r + 706, -5*r = -2*i + 358. List the prime factors of i.
2, 3, 29
Let s(p) = -20*p - 53. Let c(n) = -7*n - 18. Let m(o) = 8*c(o) - 3*s(o). Suppose -6*h + 70 = -h. List the prime factors of m(h).
71
List the prime factors of (25 - (-52824)/(-72))/(1 + 53/(-51)).
17, 1063
Suppose 3*r + 4*v - 2 = -0*v, 3*r - 4*v = -14. Let a(g) = 24*g**2. List the prime factors of a(r).
2, 3
Suppose 0 = 4*k - 45 - 87. Suppose k - 126 = c. Let u = c - -165. List the prime factors of u.
2, 3
Let w = -15737 - -28545. List the prime factors of w.
2, 1601
Let k be (102/(-85))/(3*(-4)/30). Suppose 1265 = k*r - 2*c, 4*r = 5*c + 240 + 1435. List the prime factors of r.
5, 17
Let i be (5*20)/((-776)/196 - -4). Suppose 0 = -5*d - 5*n + i, 231 + 250 = d - 2*n. What are the prime factors of d?
487
Suppose -4*z + 52360 = z + 3*z. List the prime factors of z.
5, 7, 11, 17
Let i = -1221 + 7647. What are the prime factors of i?
2, 3, 7, 17
Let s(u) = 67*u**3 + 3*u**2 - 2*u - 4. What are the prime factors of s(2)?
2, 3, 5
Let q = 91 + -91. Suppose 6*f - 13*f + 1876 = q. List the prime factors of f.
2, 67
Let t be (-3 + (-465)/(-25))/((-3)/(-15)). Suppose -80*z + 298 = -t*z. What are the prime factors of z?
149
Suppose 21*o - 5*o = 7*o + 161100. What are the prime factors of o?
2, 5, 179
Suppose 15*o - 12*o - 6 = 0. Suppose -4*x + x = 2*u - 1429, 0 = x + o*u - 475. What are the prime factors of x?
3, 53
Let d(h) = -7*h - 85. Let l be d(-18). Suppose -627 = -3*s - 3*m, -s + l + 188 = 5*m. List the prime factors of s.
2, 3, 17
Let v(c) = -3*c + 70. Let u be ((-29)/4 - -6)/((-3)/(-84)). List the prime factors of v(u).
5, 7
Let a = -32 - -20. Let m be (-147)/(-12) + (63/a)/(-7). Suppose 14*s - m*s - 111 = 0. List the prime factors of s.
3, 37
Let l(a) be the second derivative of 79*a**3/6 - 55*a**2 + 65*a + 1. List the prime factors of l(25).
5, 373
Let t = -610 + 2695. Let s = -1115 + t. What are the prime factors of s?
2, 5, 97
Let y(j) = 2*j - 26. Let p = -19 + 1. Let a be y(p). What are the prime factors of (-9)/2*a/3?
3, 31
What are the prime factors of 7*(-1243354)/(-441) - 4*4/(-72)?
2, 2467
List the prime factors of 2/2*(8397 - -86).
17, 499
Suppose 2*z + 5*m - 3234 - 2066 = 0, -4*z + 4*m + 10572 = 0. Suppose 0 = -y + 2*p + 535, 5*y - 2*p = 2*p + z. What are the prime factors of y?
3, 5, 7
Suppose 9 = 4*z - 5*q, -5*z + 3*z = -2*q - 4. Let r(g) = 42*g - 709. Let x be r(17). Suppose -x*w - z = -96. What are the prime factors of w?
19
List the prime factors of (70311/(-12) - 1)/((-5 - 4)/36).
11, 2131
Let k be (-3 + 5 - -1)*-1. Let h be (-3408)/(-8)*k/(-9). Suppose -x = x - h. List the prime factors of x.
71
Suppose 450 = 3*y - 3*b, y - 5*b = 31 + 115. Suppose 15*u - y + 61 = 0. Suppose -2*a + 1024 = u*a. List the prime factors of a.
2
Suppose -21*i + 23*i - h + 1 = 0, -5*h = -4*i - 5. List the prime factors of 2 - 1 - (i + -404).
3, 5
Let c(h) = -7*h + 2*h**3 + 8*h + h**3 + 3*h**3 + 7*h + 11*h**2 - 20. What are the prime factors of c(6)?
2, 5, 43
Suppose 1420 = -4*b - 4*i + 8392, 4*b = -2*i + 6980. What are the